?
False
Is 71 a factor of 87848655?
True
Does 183 divide 514122945?
True
Does 3 divide 658061?
False
Does 960 divide 56486400?
True
Is 20590630 a multiple of 3666?
False
Is 4 a factor of 3756091?
False
Is 230 a factor of 10465460?
True
Is 33 a factor of 28248873?
False
Is 121 a factor of 1071030895?
True
Does 15 divide 41373352?
False
Does 5 divide 450280601?
False
Does 1617 divide 15846786?
False
Is 134 a factor of 28871372?
True
Is 81 a factor of 451117?
False
Does 2338 divide 21189294?
True
Is 9587251 a multiple of 364?
False
Does 3178 divide 1379004116?
True
Does 718 divide 1159712083?
False
Is 17 a factor of 46215027?
True
Is 1924842 a multiple of 113?
True
Does 1946 divide 2326887?
False
Does 18 divide 232658910?
True
Is 272045144 a multiple of 4?
True
Is 298169532 a multiple of 93?
True
Is 1880114955 a multiple of 971?
False
Is 611618049 a multiple of 63?
True
Does 923 divide 188375070?
True
Does 9 divide 18091872?
True
Is 750597432 a multiple of 1016?
True
Is 10864 a factor of 3285343028?
False
Does 141 divide 1861908695?
False
Is 129 a factor of 77698098?
False
Is 3326126 a multiple of 96?
False
Is 14 a factor of 946121834?
True
Does 605 divide 6584990?
False
Does 3021 divide 5672027193?
True
Is 41 a factor of 134279253?
False
Is 79217895 a multiple of 503?
False
Is 155420055 a multiple of 365?
False
Does 2904 divide 34249622?
False
Is 442476451 a multiple of 2579?
True
Is 202713102 a multiple of 246?
True
Is 22394179 a multiple of 973?
False
Does 3843 divide 163919322?
True
Does 26 divide 709587086?
True
Is 102 a factor of 1125454944?
True
Is 179776420 a multiple of 39?
False
Does 2 divide 4445910?
True
Is 728041433 a multiple of 203?
True
Is 163 a factor of 137685129?
False
Is 37 a factor of 61436654?
False
Is 2785990642 a multiple of 10?
False
Does 12 divide 17275068?
True
Is 160437419 a multiple of 176?
False
Does 452 divide 2575744?
False
Is 17 a factor of 101370217?
False
Is 12098070 a multiple of 128?
False
Is 34104014 a multiple of 177?
False
Is 60017157 a multiple of 17?
True
Does 7 divide 98090856?
False
Is 21 a factor of 107544785?
False
Is 3915784 a multiple of 10?
False
Does 246 divide 3785248?
False
Is 815460840 a multiple of 9?
True
Is 10 a factor of 16202413?
False
Is 2555 a factor of 57936686?
False
Does 87 divide 34481145?
True
Is 1030727497 a multiple of 647?
False
Is 370 a factor of 25402283?
False
Is 38803296 a multiple of 236?
False
Is 44203303 a multiple of 105?
False
Does 21 divide 69040549?
False
Is 378674237 a multiple of 7645?
False
Does 5154 divide 237233466?
True
Is 435309248 a multiple of 11?
True
Is 203 a factor of 9289027?
False
Does 46 divide 83855654?
True
Is 320 a factor of 268301333?
False
Does 18 divide 835340346?
True
Does 1709 divide 77521729?
False
Is 158916000 a multiple of 3230?
True
Is 285 a factor of 41420169?
False
Is 1740401421 a multiple of 253?
True
Is 6 a factor of 1396716?
True
Is 887117853 a multiple of 115?
False
Is 51557940 a multiple of 315?
True
Is 406471741 a multiple of 31?
False
Does 109 divide 120619038?
False
Is 81309492 a multiple of 66?
True
Is 3862848 a multiple of 12?
True
Is 250 a factor of 32534250?
True
Is 120176991 a multiple of 23?
False
Is 32 a factor of 110392226?
False
Does 9 divide 349508115?
True
Does 11 divide 927701808?
True
Is 324992264 a multiple of 32?
False
Does 28 divide 129859660?
True
Is 2230860 a multiple of 8?
False
Is 15131424 a multiple of 1232?
True
Is 90642472 a multiple of 17?
False
Is 5703985 a multiple of 2?
False
Does 219 divide 22262535?
False
Is 93 a factor of 2301678855?
True
Does 117 divide 173245817?
False
Is 587 a factor of 2605125371?
True
Is 17 a factor of 90886981?
True
Does 12 divide 1157136?
True
Is 533059757 a multiple of 22?
False
Is 574884185 a multiple of 1422?
False
Is 11255 a factor of 2100486790?
False
Does 8 divide 89050193?
False
Is 124413211 a multiple of 100?
False
Is 48444968 a multiple of 2491?
True
Is 354 a factor of 31082448?
False
Is 10404533 a multiple of 52?
False
Does 813 divide 35751675?
True
Is 19060275 a multiple of 133?
False
Does 2797 divide 450109223?
False
Is 49320763 a multiple of 1546?
False
Is 320 a factor of 882965508?
False
Does 2 divide 288281?
False
Is 39 a factor of 41611089?
True
Does 7 divide 344272789?
True
Is 77688297 a multiple of 125?
False
Is 16549436 a multiple of 365?
False
Does 20 divide 146875120?
True
Is 37 a factor of 8168299?
False
Is 1296 a factor of 610768512?
True
Is 591452818 a multiple of 87?
False
Does 116 divide 810834294?
False
Does 11 divide 368793836?
False
Does 34 divide 40314344?
True
Does 17 divide 1025220326?
True
Does 119 divide 15027555?
False
Does 4 divide 4597428?
True
Does 5 divide 447425880?
True
Is 124516779 a multiple of 1157?
False
Is 10 a factor of 2346015?
False
Does 1628 divide 251268017?
False
Does 54 divide 1019362475?
False
Does 64 divide 112564383?
False
Does 19 divide 284186287?
True
Is 17 a factor of 3450034774?
True
Is 1867 a factor of 938079054?
False
Does 235 divide 18111781?
False
Is 475 a factor of 27262625?
True
Does 2029 divide 394817023?
True
Is 1377 a factor of 587082573?
True
Is 304861644 a multiple of 3391?
False
Is 3155377414 a multiple of 7882?
True
Is 1457 a factor of 535701183?
False
Is 24419126 a multiple of 30?
False
Is 85 a factor of 259122840?
True
Is 291 a factor of 20298414?
True
Does 631 divide 50343704?
True
Is 364 a factor of 202582038?
False
Is 745 a factor of 920973992?
False
Is 13 a factor of 59034521?
True
Is 98 a factor of 609114590?
True
Is 1861856550 a multiple of 45?
True
Does 2314 divide 548598492?
True
Does 1027 divide 666307310?
False
Does 18 divide 20422152?
True
Is 519 a factor of 8868153?
True
Does 14 divide 294345?
False
Is 20973235 a multiple of 5?
True
Does 776 divide 15988704?
True
Does 16 divide 301584772?
False
Does 584 divide 20366416?
True
Does 116 divide 1633033268?
True
Is 589627 a multiple of 90?
False
Does 44 divide 348657910?
False
Is 113 a factor of 85991757?
True
Does 177 divide 5592244?
False
Does 261 divide 1362317?
False
Does 3812 divide 84061294?
False
Does 4529 divide 1618227907?
False
Is 49 a factor of 21189211?
False
Is 43 a factor of 319412388?
False
Is 19875363 a multiple of 3487?
False
Is 302 a factor of 31773420?
True
Is 44261272 a multiple of 548?
False
Does 7 divide 10469347?
True
Is 6362 a factor of 2225990435?
False
Is 98 a factor of 21004423?
False
Is 193536300 a multiple of 668?
True
Is 462170016 a multiple of 216?
True
Is 35 a factor of 254769550?
True
Is 640515968 a multiple of 371?
False
Is 19 a factor of 34357102?
False
Is 123 a factor of 92035242?
True
Does 21 divide 2518503309?
True
Is 98 a factor of 529817574?
False
Is 1239830063 a multiple of 1578?
False
Does 80 divide 494939680?
True
Does 15 divide 71508360?
True
Is 9035104 a multiple of 13?
True
Does 60 divide 188860380?
True
Is 196 a factor of 8556184?
True
Is 41 a factor of 4464162?
True
Is 85 a factor of 11554338?
False
Is 6 a factor of 657344280?
True
Is 339883058 a multiple of 29?
False
Is 163 a factor of 77888841?
False
Does 40 divide 32223784?
False
Is 8 a factor of 9368060?
False
Is 71 a factor of 2603073?
True
Is 68258119 a multiple of 27?
False
Is 80 a factor of 199374560?
True
Does 956 divide 46884152?
True
Is 6 a factor of 3895481?
False
Is 15 a factor of 64722120?
True
Does 129 divide 131061162?
True
Is 44916380 a multiple of 1156?
True
Is 26 a factor of 9977336?
False
Does 121 divide 7439758?
False
Does 11612 divide 405607160?
True
Is 346 a factor of 1675547904?
True
Does 2794 divide 1240960688?
True
Is 4008630 a multiple of 141?
True
Is 543 a factor of 221740944?
False
Is 13358266 a multiple of 37?
False
Is 28 a factor of 501448500?
True
Does 1876 divide 54445272?
True
Does 193 divide 252138703?
False
Does 536 divide 38701582?
False
Is 189980362 a multiple of 2041?
True
Is 24 a factor of 42685248?
True
Is 1918890875 a multiple of 196?
False
Is 1275 a factor of 83144025?
True
Is 40035228 a multiple of 82?
False
Is 28367664 a multiple of 16?
True
Is 76 a factor of 23384447?
False
Is 11688831 a multiple of 707?
True
Does 45 divide 130592475?
True
Is 58 a factor of 5991733?
False
Is 375953152 a multiple of 224?
False
Is 3653 a factor of 712445835?
False
Does 3660 divide 883449550?
False
Is 239 a factor of 4475